10403
In base 16, what is -aab1 + -5b?
-ab0c
In base 16, what is -deb + -b38?
-1923
In base 13, what is -15 - -4ab52?
4ab3a
In base 3, what is 12 - 220020121220202020?
-220020121220202001
In base 6, what is 120000451 + -5?
120000442
In base 2, what is 11101 + 1101111001000101100?
1101111001001001001
In base 6, what is 105 - 2302000?
-2301451
In base 7, what is 30114444 + -141?
30114303
In base 16, what is -189d10 + 167?
-189ba9
In base 13, what is 1b4a79b6 - 1?
1b4a79b5
In base 11, what is -1152 - 238?
-138a
In base 11, what is -2682 + 7751?
507a
In base 10, what is -10086 - 11735?
-21821
In base 3, what is -210100021210 - -221120?
-210022100020
In base 6, what is -2241310 + 153?
-2241113
In base 5, what is -41232103113 + 11?
-41232103102
In base 7, what is 30 + 143265620?
143265650
In base 2, what is -1110010101110010110 + 101?
-1110010101110010001
In base 5, what is 1231242302 - 33?
1231242214
In base 16, what is 7b9 + -29c?
51d
In base 7, what is -441444 - -1136?
-440305
In base 5, what is -30221114 + 442?
-30220122
In base 9, what is 244 + 6373326?
6373571
In base 6, what is -1241140024 - 53?
-1241140121
In base 10, what is -699025 - 0?
-699025
In base 15, what is -144a33 - 24?
-144a57
In base 8, what is 5 - -13327152?
13327157
In base 13, what is 59ca + -55c?
546b
In base 9, what is -3130 - 28572?
-32712
In base 10, what is -3611859 - -50?
-3611809
In base 12, what is -3 - a52b1?
-a52b4
In base 13, what is -4098a9 - 3?
-4098ac
In base 11, what is 18501714 - -4?
18501718
In base 3, what is 22110121010122 - 11?
22110121010111
In base 6, what is -2 + 130010133?
130010131
In base 6, what is -15555 + -123?
-20122
In base 8, what is 13345372 + -14?
13345356
In base 6, what is 2453 - 41145?
-34252
In base 4, what is -31331032011132 + 10?
-31331032011122
In base 15, what is -2ab + -22ccd?
-23089
In base 13, what is -1c34a1c0 - 0?
-1c34a1c0
In base 11, what is 1a1496a4 + -4?
1a1496a0
In base 16, what is 13349 + -a1?
132a8
In base 7, what is -4 + -5362466311?
-5362466315
In base 11, what is -813 + 403a57?
403244
In base 15, what is 5 - 369038?
-369033
In base 12, what is 14 - -183b0634?
183b0648
In base 2, what is 10 - 101011000110100101100?
-101011000110100101010
In base 4, what is 2022102220 + -100323?
2022001231
In base 6, what is -153224133 - -224?
-153223505
In base 12, what is -48821 + 21?
-48800
In base 4, what is -1030113332 + 3?
-1030113323
In base 13, what is 34 + -7ab3?
-7a7c
In base 4, what is 30010033323 - 1101?
30010032222
In base 7, what is 42606104 - 1?
42606103
In base 2, what is 1110111001000101000000 + -11?
1110111001000100111101
In base 15, what is -5d4c + 59d2?
-36a
In base 11, what is 418 + 63aa9?
64416
In base 2, what is -110100110110 + 11110001000?
-10110101110
In base 6, what is -1002505 + -1241?
-1004150
In base 9, what is 20142 - -124?
20266
In base 4, what is 1101031 + 11323?
1113020
In base 5, what is -1122431 - -44122?
-1023304
In base 3, what is 2220122 + -112102210?
-102112011
In base 14, what is -4 - -4931b9a?
4931b96
In base 2, what is 0 - -100000111110101000010101?
100000111110101000010101
In base 14, what is -1 + -1b9700?
-1b9701
In base 7, what is 15 + 1103242?
1103260
In base 2, what is -111101101010101 + 11?
-111101101010010
In base 6, what is -13242434 + 10?
-13242424
In base 10, what is -1837985308 + 1?
-1837985307
In base 10, what is -20066784 - 9?
-20066793
In base 11, what is -14508a406 - 3?
-14508a409
In base 13, what is -654 - -222?
-432
In base 2, what is 1001000 + 1000110101011000001111?
1000110101011001010111
In base 16, what is a42c8 + -14d?
a417b
In base 8, what is -2610565 + 42?
-2610523
In base 9, what is 1464 - -16221?
17685
In base 9, what is -12 - 18430350?
-18430362
In base 5, what is -431 + 2003101?
2002120
In base 8, what is -3173371 + 0?
-3173371
In base 16, what is 2 + -12115e?
-12115c
In base 6, what is 10 + 1445430434?
1445430444
In base 4, what is 31320123233 - 200?
31320123033
In base 12, what is -1147a604 + -22?
-1147a626
In base 5, what is 14 - 22300313204?
-22300313140
In base 5, what is 31132202234 + 4?
31132202243
In base 2, what is 1010 - -111001101111000100000001101?
111001101111000100000010111
In base 12, what is -2979543b1 - -5?
-2979543a8
In base 10, what is -2 - -862327?
862325
In base 6, what is -10 + 3354543421?
3354543411
In base 13, what is -2057 - 1088?
-3112
In base 8, what is -3 + -424060?
-424063
In base 7, what is -10 + 1630436?
1630426
In base 15, what is 564 + -5469?
-4e05
In base 13, what is 997cc - -41a?
99c19
In base 4, what is -1033012233101 - -10?
-1033012233031
In base 14, what is 4a4a - 11?
4a39
In base 14, what is -24 - -2709764?
2709740
In base 15, what is 2ee44325 + -2?
2ee44323
In base 16, what is 36705c + 20?
36707c
In base 10, what is -2018662 + 181?
-2018481
In base 2, what is -1000010011001010110100 + 1111?
-1000010011001010100101
In base 2, what is 11110101100011110101011 - -1?
11110101100011110101100
In base 5, what is -11 - 204203334?
-204203400
In base 5, what is 4044 - 3012113?
-3003014
In base 4, what is -33121333302002 - -10?
-33121333301332
In base 6, what is 3454 + -2154454?
-2151000
In base 3, what is 11 - 101012200222102?
-101012200222021
In base 5, what is 3134022111 + 4?
3134022120
In base 10, what is 451178 + -34?
451144
In base 12, what is 1 + -3167279?
-3167278
In base 12, what is -10a + 175735?
175627
In base 9, what is 83685 + 78?
83774
In base 6, what is 14155 + -1331?
12424
In base 12, what is -2500 + 641b?
3b1b
In base 11, what is 0 - -1754a42?
1754a42
In base 5, what is 112300 - -101234?
214034
In base 15, what is 182 - 14e40a?
-14e278
In base 3, what is 101111 - 20221211002?
-20221102121
In base 10, what is -40 + 1483621?
1483581
In base 15, what is bd7ab0 - 2?
bd7aad
In base 3, what is 202022200102111 + 0?
202022200102111
In base 3, what is 21002120 - 1202000?
12100120
In base 12, what is -21 + -a874?
-a895
In base 5, what is 4314143324 - -21?
4314143400
In base 13, what is -34818 + -1b?
-34836
In base 2, what is 101000000011001 + 10110110100?
101010111001101
In base 7, what is 330 + -2602003?
-2601343
In base 4, what is 102 - 222220110?
-222220002
In base 8, what is -42127 - 2067?
-44216
In base 5, what is 4104101304 + -3?
4104101301
In base 14, what is 137d962 - 0?
137d962
In base 15, what is 1a2d - 2e?
19ee
In base 2, what is -1001 - 110110110101011011011101?
-110110110101011011100110
In base 6, what is 2303552 + 325?
2304321
In base 16, what is 56117d - 8?
561175
In base 9, what is 4 + 100425500?
100425504
In base 16, what is 238 - -214d?
2385
In base 4, what is 322100 + -30010?
232030
In base 10, what is -23905625 + -2?
-23905627
In base 15, what is -2aa11 + 9b4?
-2a04c
In base 5, what is 1 - 20330041104?
-20330041103
In base 7, what is -153025220 + 1?
-153025216
In base 15, what is 1d87 - 157?
1c30
In base 5, what is 14344 + 4414?
24313
In base 2, what is -1001110100000 - -1001011010010100?
1000001011110100
In base 13, what is 41613c - -16?
416155
In base 9, what is 25747 + 724?
26572
In base 2, what is 1110011010010010111100011110 - -1?
1110011010010010111100011111
In base 10, what is -168857 + 137?
-168720
In base 2, what is 10110 + -110100001010100010?
-110100001010001100
In base 7, what is -1 + 255256301?
255256300
In base 11, what is -71 + -473559?
-47361a
In base 2, what is -1001 + -1001101010011010101111100?
-1001101010011010110000101
In base 3, what is 1000111211012022 + -11?
1000111211012011
In base 11, what is 64862 - -7?
64869
In base 2, what is 1010011000010010110010001 + -101?
1010011000010010110001100
In base 10, what is 111757 + -400?
111357
In base 10, what is 4 - 261577894?
-261577890
In base 11, what is 9 - -1194a77?
1194a85
In base 4, what is 210102 + 112113?
322221
In base 15, what is -159bc + -2?
-159be
In base 11, what is -36a + 162a?
1270
In base 13, what is -19426 - 51?
-19477
In base 10, what is 27504 + -282?
27222
In base 4, what is 3122322 - 21201?
3101121
In base 3, what is 120121012222 + -100?
120121012122
In base 12, what is -165a - -466?
-11b4
In base 9, what is 57151 - -1105?
58256
In base 15, what is 93b - -139?
a75
In base 10, what is -1741 + -9562?
-11303
In base 12, what is -2b7a - -4336?
1378
In base 4, what is -131033310 - 300?
-131100210
In base 5, what is 0 + 213130203021?
2